{"id":5,"date":"2023-07-12T08:46:04","date_gmt":"2023-07-12T08:46:04","guid":{"rendered":"https:\/\/marschparadies.de\/?page_id=5"},"modified":"2025-05-26T14:02:42","modified_gmt":"2025-05-26T12:02:42","slug":"willkommen-auf-https-marschparadies-de","status":"publish","type":"page","link":"https:\/\/marschparadies.de\/","title":{"rendered":"Willkommen im Marschparadies"},"content":{"rendered":"\n<p>Ein regionaler Marktgarten, biointensiv, ohne schwere Maschinen, effizient und nachhaltig. Das ist die Vision, die hinter der Marktg\u00e4rtnerei Marschparadies steht.<\/p>\n\n\n\n<p>Aus einer fixen Idee, die im Juli 2023 zu einem konkreten Plan wurde, hat sich 2025 die &#8222;Marktg\u00e4rtnerei Marschparadies Frederike und Gunnar Falk GbR&#8220; entwickelt. Bis dahin hatten wir die einmalige Chance uns ohne gro\u00dfes Risiko auszuprobieren und erste Erfahrungen zu sammeln. So konnten wir gr\u00fcndlich abw\u00e4gen und uns ganz sicher werden, dass wir wirklich Gem\u00fcse anbauen und verkaufen wollen. An dieser Stelle dokumentiere ich so gut wie m\u00f6glich den Weg dahin und dar\u00fcber hinaus.<\/p>\n\n\n\n<div class=\"wp-block-query is-layout-flow wp-block-query-is-layout-flow\"><ul class=\"wp-block-post-template is-layout-flow wp-block-post-template-is-layout-flow\"><li class=\"wp-block-post post-374 post type-post status-publish format-standard has-post-thumbnail hentry category-allgemein post-preview\">\n\n<div class=\"wp-block-columns are-vertically-aligned-center is-layout-flex wp-container-core-columns-is-layout-9d6595d7 wp-block-columns-is-layout-flex\">\n<div class=\"wp-block-column is-vertically-aligned-center is-layout-flow wp-block-column-is-layout-flow\" style=\"flex-basis:25%\"><figure class=\"wp-block-post-featured-image\"><a href=\"https:\/\/marschparadies.de\/?p=374\" target=\"_self\"  ><img loading=\"lazy\" decoding=\"async\" width=\"1500\" height=\"2000\" src=\"https:\/\/marschparadies.de\/wp-content\/uploads\/2025\/09\/img_4466.jpg\" class=\"attachment-post-thumbnail size-post-thumbnail wp-post-image\" alt=\"R\u00fcckblick Sommerferien\" style=\"object-fit:cover;\" srcset=\"https:\/\/marschparadies.de\/wp-content\/uploads\/2025\/09\/img_4466.jpg 1500w, https:\/\/marschparadies.de\/wp-content\/uploads\/2025\/09\/img_4466-225x300.jpg 225w, https:\/\/marschparadies.de\/wp-content\/uploads\/2025\/09\/img_4466-768x1024.jpg 768w, https:\/\/marschparadies.de\/wp-content\/uploads\/2025\/09\/img_4466-1152x1536.jpg 1152w, https:\/\/marschparadies.de\/wp-content\/uploads\/2025\/09\/img_4466-676x901.jpg 676w\" sizes=\"auto, (max-width: 1500px) 100vw, 1500px\" \/><\/a><\/figure><\/div>\n\n\n\n<div class=\"wp-block-column is-vertically-aligned-center is-layout-flow wp-block-column-is-layout-flow\" style=\"flex-basis:75%\"><h2 class=\"wp-block-post-title\"><a href=\"https:\/\/marschparadies.de\/?p=374\" target=\"_self\" >R\u00fcckblick Sommerferien<\/a><\/h2><\/div>\n<\/div>\n\n<\/li><li class=\"wp-block-post post-371 post type-post status-publish format-standard has-post-thumbnail hentry category-rezepte post-preview\">\n\n<div class=\"wp-block-columns are-vertically-aligned-center is-layout-flex wp-container-core-columns-is-layout-9d6595d7 wp-block-columns-is-layout-flex\">\n<div class=\"wp-block-column is-vertically-aligned-center is-layout-flow wp-block-column-is-layout-flow\" style=\"flex-basis:25%\"><figure class=\"wp-block-post-featured-image\"><a href=\"https:\/\/marschparadies.de\/?p=371\" target=\"_self\"  ><img loading=\"lazy\" decoding=\"async\" width=\"1500\" height=\"2000\" src=\"https:\/\/marschparadies.de\/wp-content\/uploads\/2025\/09\/img_4457.jpg\" class=\"attachment-post-thumbnail size-post-thumbnail wp-post-image\" alt=\"Tomatenso\u00dfe auf Vorrat\" style=\"object-fit:cover;\" srcset=\"https:\/\/marschparadies.de\/wp-content\/uploads\/2025\/09\/img_4457.jpg 1500w, https:\/\/marschparadies.de\/wp-content\/uploads\/2025\/09\/img_4457-225x300.jpg 225w, https:\/\/marschparadies.de\/wp-content\/uploads\/2025\/09\/img_4457-768x1024.jpg 768w, https:\/\/marschparadies.de\/wp-content\/uploads\/2025\/09\/img_4457-1152x1536.jpg 1152w, https:\/\/marschparadies.de\/wp-content\/uploads\/2025\/09\/img_4457-676x901.jpg 676w\" sizes=\"auto, (max-width: 1500px) 100vw, 1500px\" \/><\/a><\/figure><\/div>\n\n\n\n<div class=\"wp-block-column is-vertically-aligned-center is-layout-flow wp-block-column-is-layout-flow\" style=\"flex-basis:75%\"><h2 class=\"wp-block-post-title\"><a href=\"https:\/\/marschparadies.de\/?p=371\" target=\"_self\" >Tomatenso\u00dfe auf Vorrat<\/a><\/h2><\/div>\n<\/div>\n\n<\/li><li class=\"wp-block-post post-356 post type-post status-publish format-standard has-post-thumbnail hentry category-allgemein post-preview\">\n\n<div class=\"wp-block-columns are-vertically-aligned-center is-layout-flex wp-container-core-columns-is-layout-9d6595d7 wp-block-columns-is-layout-flex\">\n<div class=\"wp-block-column is-vertically-aligned-center is-layout-flow wp-block-column-is-layout-flow\" style=\"flex-basis:25%\"><figure class=\"wp-block-post-featured-image\"><a href=\"https:\/\/marschparadies.de\/?p=356\" target=\"_self\"  ><img loading=\"lazy\" decoding=\"async\" width=\"1500\" height=\"2000\" src=\"https:\/\/marschparadies.de\/wp-content\/uploads\/2025\/08\/img_4377.jpg\" class=\"attachment-post-thumbnail size-post-thumbnail wp-post-image\" alt=\"Sommergem\u00fcse\" style=\"object-fit:cover;\" srcset=\"https:\/\/marschparadies.de\/wp-content\/uploads\/2025\/08\/img_4377.jpg 1500w, https:\/\/marschparadies.de\/wp-content\/uploads\/2025\/08\/img_4377-225x300.jpg 225w, https:\/\/marschparadies.de\/wp-content\/uploads\/2025\/08\/img_4377-768x1024.jpg 768w, https:\/\/marschparadies.de\/wp-content\/uploads\/2025\/08\/img_4377-1152x1536.jpg 1152w, https:\/\/marschparadies.de\/wp-content\/uploads\/2025\/08\/img_4377-676x901.jpg 676w\" sizes=\"auto, (max-width: 1500px) 100vw, 1500px\" \/><\/a><\/figure><\/div>\n\n\n\n<div class=\"wp-block-column is-vertically-aligned-center is-layout-flow wp-block-column-is-layout-flow\" style=\"flex-basis:75%\"><h2 class=\"wp-block-post-title\"><a href=\"https:\/\/marschparadies.de\/?p=356\" target=\"_self\" >Sommergem\u00fcse<\/a><\/h2><\/div>\n<\/div>\n\n<\/li><\/ul><\/div>\n","protected":false},"excerpt":{"rendered":"<p>Ein regionaler Marktgarten, biointensiv, ohne schwere Maschinen, effizient und nachhaltig. Das ist die Vision, die hinter der Marktg\u00e4rtnerei Marschparadies steht. Aus einer fixen Idee, die im Juli 2023 zu einem konkreten Plan wurde, hat sich 2025 die &#8222;Marktg\u00e4rtnerei Marschparadies Frederike und Gunnar Falk GbR&#8220; entwickelt. Bis dahin hatten wir die einmalige Chance uns ohne gro\u00dfes [&hellip;]<\/p>\n","protected":false},"author":1,"featured_media":0,"parent":0,"menu_order":0,"comment_status":"closed","ping_status":"open","template":"","meta":{"footnotes":""},"class_list":["post-5","page","type-page","status-publish","hentry","post-preview"],"_links":{"self":[{"href":"https:\/\/marschparadies.de\/index.php?rest_route=\/wp\/v2\/pages\/5","targetHints":{"allow":["GET"]}}],"collection":[{"href":"https:\/\/marschparadies.de\/index.php?rest_route=\/wp\/v2\/pages"}],"about":[{"href":"https:\/\/marschparadies.de\/index.php?rest_route=\/wp\/v2\/types\/page"}],"author":[{"embeddable":true,"href":"https:\/\/marschparadies.de\/index.php?rest_route=\/wp\/v2\/users\/1"}],"replies":[{"embeddable":true,"href":"https:\/\/marschparadies.de\/index.php?rest_route=%2Fwp%2Fv2%2Fcomments&post=5"}],"version-history":[{"count":6,"href":"https:\/\/marschparadies.de\/index.php?rest_route=\/wp\/v2\/pages\/5\/revisions"}],"predecessor-version":[{"id":288,"href":"https:\/\/marschparadies.de\/index.php?rest_route=\/wp\/v2\/pages\/5\/revisions\/288"}],"wp:attachment":[{"href":"https:\/\/marschparadies.de\/index.php?rest_route=%2Fwp%2Fv2%2Fmedia&parent=5"}],"curies":[{"name":"wp","href":"https:\/\/api.w.org\/{rel}","templated":true}]}}